{"id":7429,"date":"2024-12-16T08:57:49","date_gmt":"2024-12-16T07:57:49","guid":{"rendered":"https:\/\/www.wecause.de\/?post_type=case&#038;p=7429"},"modified":"2024-12-16T08:57:49","modified_gmt":"2024-12-16T07:57:49","slug":"babbel-messekit","status":"publish","type":"case","link":"https:\/\/www.wecause.de\/en\/cases\/-\/babbel-messekit\/","title":{"rendered":"Babbel for Business Messekit"},"content":{"rendered":"","protected":false},"template":"","class_list":["post-7429","case","type-case","status-publish","hentry"],"acf":[],"yoast_head":"<!-- This site is optimized with the Yoast SEO plugin v27.4 - https:\/\/yoast.com\/product\/yoast-seo-wordpress\/ -->\n<title>Babbel for Business Messekit - WECAUSE<\/title>\n<meta name=\"description\" content=\"F\u00fcr Babbel for Business haben wir ein modulares und nachhaltiges Messekit entwickelt. Aus einem innovativen Design entstanden f\u00fcnf individuelle Grundrisse, die f\u00fcr verschiedene Messen ma\u00dfgeschneidert wurden\u00a0\u2013 und das super erschwinglich.\" \/>\n<meta name=\"robots\" content=\"index, follow, max-snippet:-1, max-image-preview:large, max-video-preview:-1\" \/>\n<link rel=\"canonical\" href=\"https:\/\/www.wecause.de\/cases\/-\/babbel-messekit\/\" \/>\n<meta property=\"og:locale\" content=\"en_US\" \/>\n<meta property=\"og:type\" content=\"article\" \/>\n<meta property=\"og:title\" content=\"Babbel for Business Messekit - WECAUSE\" \/>\n<meta property=\"og:description\" content=\"F\u00fcr Babbel for Business haben wir ein modulares und nachhaltiges Messekit entwickelt. Aus einem innovativen Design entstanden f\u00fcnf individuelle Grundrisse, die f\u00fcr verschiedene Messen ma\u00dfgeschneidert wurden\u00a0\u2013 und das super erschwinglich.\" \/>\n<meta property=\"og:url\" content=\"https:\/\/www.wecause.de\/cases\/-\/babbel-messekit\/\" \/>\n<meta property=\"og:site_name\" content=\"WECAUSE\" \/>\n<meta name=\"twitter:card\" content=\"summary_large_image\" \/>\n<script type=\"application\/ld+json\" class=\"yoast-schema-graph\">{\"@context\":\"https:\\\/\\\/schema.org\",\"@graph\":[{\"@type\":\"WebPage\",\"@id\":\"https:\\\/\\\/www.wecause.de\\\/cases\\\/-\\\/babbel-messekit\\\/\",\"url\":\"https:\\\/\\\/www.wecause.de\\\/cases\\\/-\\\/babbel-messekit\\\/\",\"name\":\"Babbel for Business Messekit - WECAUSE\",\"isPartOf\":{\"@id\":\"https:\\\/\\\/www.wecause.de\\\/#website\"},\"datePublished\":\"2024-12-16T07:57:49+00:00\",\"description\":\"F\u00fcr Babbel for Business haben wir ein modulares und nachhaltiges Messekit entwickelt. Aus einem innovativen Design entstanden f\u00fcnf individuelle Grundrisse, die f\u00fcr verschiedene Messen ma\u00dfgeschneidert wurden\u00a0\u2013 und das super erschwinglich.\",\"breadcrumb\":{\"@id\":\"https:\\\/\\\/www.wecause.de\\\/cases\\\/-\\\/babbel-messekit\\\/#breadcrumb\"},\"inLanguage\":\"en-US\",\"potentialAction\":[{\"@type\":\"ReadAction\",\"target\":[\"https:\\\/\\\/www.wecause.de\\\/cases\\\/-\\\/babbel-messekit\\\/\"]}]},{\"@type\":\"BreadcrumbList\",\"@id\":\"https:\\\/\\\/www.wecause.de\\\/cases\\\/-\\\/babbel-messekit\\\/#breadcrumb\",\"itemListElement\":[{\"@type\":\"ListItem\",\"position\":1,\"name\":\"Startseite\",\"item\":\"https:\\\/\\\/www.wecause.de\\\/en\\\/\"},{\"@type\":\"ListItem\",\"position\":2,\"name\":\"Babbel for Business Messekit\"}]},{\"@type\":\"WebSite\",\"@id\":\"https:\\\/\\\/www.wecause.de\\\/#website\",\"url\":\"https:\\\/\\\/www.wecause.de\\\/\",\"name\":\"WECAUSE\",\"description\":\"Wir inszenieren Marken im Raum\",\"publisher\":{\"@id\":\"https:\\\/\\\/www.wecause.de\\\/#organization\"},\"potentialAction\":[{\"@type\":\"SearchAction\",\"target\":{\"@type\":\"EntryPoint\",\"urlTemplate\":\"https:\\\/\\\/www.wecause.de\\\/?s={search_term_string}\"},\"query-input\":{\"@type\":\"PropertyValueSpecification\",\"valueRequired\":true,\"valueName\":\"search_term_string\"}}],\"inLanguage\":\"en-US\"},{\"@type\":\"Organization\",\"@id\":\"https:\\\/\\\/www.wecause.de\\\/#organization\",\"name\":\"WECAUSE\",\"url\":\"https:\\\/\\\/www.wecause.de\\\/\",\"logo\":{\"@type\":\"ImageObject\",\"inLanguage\":\"en-US\",\"@id\":\"https:\\\/\\\/www.wecause.de\\\/#\\\/schema\\\/logo\\\/image\\\/\",\"url\":\"https:\\\/\\\/www.wecause.de\\\/wp-content\\\/uploads\\\/2018\\\/01\\\/wecause-vertical-black.svg\",\"contentUrl\":\"https:\\\/\\\/www.wecause.de\\\/wp-content\\\/uploads\\\/2018\\\/01\\\/wecause-vertical-black.svg\",\"caption\":\"WECAUSE\"},\"image\":{\"@id\":\"https:\\\/\\\/www.wecause.de\\\/#\\\/schema\\\/logo\\\/image\\\/\"}}]}<\/script>\n<!-- \/ Yoast SEO plugin. -->","yoast_head_json":{"title":"Babbel for Business Messekit - WECAUSE","description":"F\u00fcr Babbel for Business haben wir ein modulares und nachhaltiges Messekit entwickelt. Aus einem innovativen Design entstanden f\u00fcnf individuelle Grundrisse, die f\u00fcr verschiedene Messen ma\u00dfgeschneidert wurden\u00a0\u2013 und das super erschwinglich.","robots":{"index":"index","follow":"follow","max-snippet":"max-snippet:-1","max-image-preview":"max-image-preview:large","max-video-preview":"max-video-preview:-1"},"canonical":"https:\/\/www.wecause.de\/cases\/-\/babbel-messekit\/","og_locale":"en_US","og_type":"article","og_title":"Babbel for Business Messekit - WECAUSE","og_description":"F\u00fcr Babbel for Business haben wir ein modulares und nachhaltiges Messekit entwickelt. Aus einem innovativen Design entstanden f\u00fcnf individuelle Grundrisse, die f\u00fcr verschiedene Messen ma\u00dfgeschneidert wurden\u00a0\u2013 und das super erschwinglich.","og_url":"https:\/\/www.wecause.de\/cases\/-\/babbel-messekit\/","og_site_name":"WECAUSE","twitter_card":"summary_large_image","schema":{"@context":"https:\/\/schema.org","@graph":[{"@type":"WebPage","@id":"https:\/\/www.wecause.de\/cases\/-\/babbel-messekit\/","url":"https:\/\/www.wecause.de\/cases\/-\/babbel-messekit\/","name":"Babbel for Business Messekit - WECAUSE","isPartOf":{"@id":"https:\/\/www.wecause.de\/#website"},"datePublished":"2024-12-16T07:57:49+00:00","description":"F\u00fcr Babbel for Business haben wir ein modulares und nachhaltiges Messekit entwickelt. Aus einem innovativen Design entstanden f\u00fcnf individuelle Grundrisse, die f\u00fcr verschiedene Messen ma\u00dfgeschneidert wurden\u00a0\u2013 und das super erschwinglich.","breadcrumb":{"@id":"https:\/\/www.wecause.de\/cases\/-\/babbel-messekit\/#breadcrumb"},"inLanguage":"en-US","potentialAction":[{"@type":"ReadAction","target":["https:\/\/www.wecause.de\/cases\/-\/babbel-messekit\/"]}]},{"@type":"BreadcrumbList","@id":"https:\/\/www.wecause.de\/cases\/-\/babbel-messekit\/#breadcrumb","itemListElement":[{"@type":"ListItem","position":1,"name":"Startseite","item":"https:\/\/www.wecause.de\/en\/"},{"@type":"ListItem","position":2,"name":"Babbel for Business Messekit"}]},{"@type":"WebSite","@id":"https:\/\/www.wecause.de\/#website","url":"https:\/\/www.wecause.de\/","name":"WECAUSE","description":"Wir inszenieren Marken im Raum","publisher":{"@id":"https:\/\/www.wecause.de\/#organization"},"potentialAction":[{"@type":"SearchAction","target":{"@type":"EntryPoint","urlTemplate":"https:\/\/www.wecause.de\/?s={search_term_string}"},"query-input":{"@type":"PropertyValueSpecification","valueRequired":true,"valueName":"search_term_string"}}],"inLanguage":"en-US"},{"@type":"Organization","@id":"https:\/\/www.wecause.de\/#organization","name":"WECAUSE","url":"https:\/\/www.wecause.de\/","logo":{"@type":"ImageObject","inLanguage":"en-US","@id":"https:\/\/www.wecause.de\/#\/schema\/logo\/image\/","url":"https:\/\/www.wecause.de\/wp-content\/uploads\/2018\/01\/wecause-vertical-black.svg","contentUrl":"https:\/\/www.wecause.de\/wp-content\/uploads\/2018\/01\/wecause-vertical-black.svg","caption":"WECAUSE"},"image":{"@id":"https:\/\/www.wecause.de\/#\/schema\/logo\/image\/"}}]}},"_links":{"self":[{"href":"https:\/\/www.wecause.de\/en\/wp-json\/wp\/v2\/case\/7429","targetHints":{"allow":["GET"]}}],"collection":[{"href":"https:\/\/www.wecause.de\/en\/wp-json\/wp\/v2\/case"}],"about":[{"href":"https:\/\/www.wecause.de\/en\/wp-json\/wp\/v2\/types\/case"}],"version-history":[{"count":19,"href":"https:\/\/www.wecause.de\/en\/wp-json\/wp\/v2\/case\/7429\/revisions"}],"predecessor-version":[{"id":7757,"href":"https:\/\/www.wecause.de\/en\/wp-json\/wp\/v2\/case\/7429\/revisions\/7757"}],"wp:attachment":[{"href":"https:\/\/www.wecause.de\/en\/wp-json\/wp\/v2\/media?parent=7429"}],"curies":[{"name":"wp","href":"https:\/\/api.w.org\/{rel}","templated":true}]}}

<!-- This site is optimized with the Yoast SEO plugin v27.4 - https://yoast.com/product/yoast-seo-wordpress/ -->
<title>Babbel for Business Messekit - WECAUSE</title>
<meta name="description" content="Für Babbel for Business haben wir ein modulares und nachhaltiges Messekit entwickelt. Aus einem innovativen Design entstanden fünf individuelle Grundrisse, die für verschiedene Messen maßgeschneidert wurden – und das super erschwinglich." />
<meta name="robots" content="index, follow, max-snippet:-1, max-image-preview:large, max-video-preview:-1" />
<link rel="canonical" href="https://www.wecause.de/cases/-/babbel-messekit/" />
<meta property="og:locale" content="en_US" />
<meta property="og:type" content="article" />
<meta property="og:title" content="Babbel for Business Messekit - WECAUSE" />
<meta property="og:description" content="Für Babbel for Business haben wir ein modulares und nachhaltiges Messekit entwickelt. Aus einem innovativen Design entstanden fünf individuelle Grundrisse, die für verschiedene Messen maßgeschneidert wurden – und das super erschwinglich." />
<meta property="og:url" content="https://www.wecause.de/cases/-/babbel-messekit/" />
<meta property="og:site_name" content="WECAUSE" />
<meta name="twitter:card" content="summary_large_image" />
<script type="application/ld+json" class="yoast-schema-graph">{"@context":"https:\/\/schema.org","@graph":[{"@type":"WebPage","@id":"https:\/\/www.wecause.de\/cases\/-\/babbel-messekit\/","url":"https:\/\/www.wecause.de\/cases\/-\/babbel-messekit\/","name":"Babbel for Business Messekit - WECAUSE","isPartOf":{"@id":"https:\/\/www.wecause.de\/#website"},"datePublished":"2024-12-16T07:57:49+00:00","description":"Für Babbel for Business haben wir ein modulares und nachhaltiges Messekit entwickelt. Aus einem innovativen Design entstanden fünf individuelle Grundrisse, die für verschiedene Messen maßgeschneidert wurden – und das super erschwinglich.","breadcrumb":{"@id":"https:\/\/www.wecause.de\/cases\/-\/babbel-messekit\/#breadcrumb"},"inLanguage":"en-US","potentialAction":[{"@type":"ReadAction","target":["https:\/\/www.wecause.de\/cases\/-\/babbel-messekit\/"]}]},{"@type":"BreadcrumbList","@id":"https:\/\/www.wecause.de\/cases\/-\/babbel-messekit\/#breadcrumb","itemListElement":[{"@type":"ListItem","position":1,"name":"Startseite","item":"https:\/\/www.wecause.de\/en\/"},{"@type":"ListItem","position":2,"name":"Babbel for Business Messekit"}]},{"@type":"WebSite","@id":"https:\/\/www.wecause.de\/#website","url":"https:\/\/www.wecause.de\/","name":"WECAUSE","description":"Wir inszenieren Marken im Raum","publisher":{"@id":"https:\/\/www.wecause.de\/#organization"},"potentialAction":[{"@type":"SearchAction","target":{"@type":"EntryPoint","urlTemplate":"https:\/\/www.wecause.de\/?s={search_term_string}"},"query-input":{"@type":"PropertyValueSpecification","valueRequired":true,"valueName":"search_term_string"}}],"inLanguage":"en-US"},{"@type":"Organization","@id":"https:\/\/www.wecause.de\/#organization","name":"WECAUSE","url":"https:\/\/www.wecause.de\/","logo":{"@type":"ImageObject","inLanguage":"en-US","@id":"https:\/\/www.wecause.de\/#\/schema\/logo\/image\/","url":"https:\/\/www.wecause.de\/wp-content\/uploads\/2018\/01\/wecause-vertical-black.svg","contentUrl":"https:\/\/www.wecause.de\/wp-content\/uploads\/2018\/01\/wecause-vertical-black.svg","caption":"WECAUSE"},"image":{"@id":"https:\/\/www.wecause.de\/#\/schema\/logo\/image\/"}}]}</script>
<!-- / Yoast SEO plugin. -->

Für Babbel for Business haben wir ein modulares und nachhaltiges Messekit entwickelt. Aus einem innovativen Design entstanden fünf individuelle Grundrisse, die für verschiedene Messen maßgeschneidert wurden – und das super erschwinglich.
