{"id":7738,"date":"2025-01-28T10:18:21","date_gmt":"2025-01-28T09:18:21","guid":{"rendered":"https:\/\/www.wecause.de\/?post_type=case&#038;p=7738"},"modified":"2025-01-28T10:18:21","modified_gmt":"2025-01-28T09:18:21","slug":"wecause-jubilaeum","status":"publish","type":"case","link":"https:\/\/www.wecause.de\/en\/cases\/-\/wecause-jubilaeum\/","title":{"rendered":"Wecause Jubil\u00e4um"},"content":{"rendered":"","protected":false},"template":"","class_list":["post-7738","case","type-case","status-publish","hentry"],"acf":[],"yoast_head":"<!-- This site is optimized with the Yoast SEO plugin v27.4 - https:\/\/yoast.com\/product\/yoast-seo-wordpress\/ -->\n<title>Wecause Jubil\u00e4um - WECAUSE<\/title>\n<meta name=\"description\" content=\"Zwanzig Jahre sind vergangen, seit unser Gr\u00fcnder J\u00f6rn Zimmermann mit einer kleinen Idee und viel Mut den Grundstein f\u00fcr unsere gesamte Firmengeschichte gelegt hat.\" \/>\n<meta name=\"robots\" content=\"index, follow, max-snippet:-1, max-image-preview:large, max-video-preview:-1\" \/>\n<link rel=\"canonical\" href=\"https:\/\/www.wecause.de\/cases\/-\/wecause-jubilaeum\/\" \/>\n<meta property=\"og:locale\" content=\"en_US\" \/>\n<meta property=\"og:type\" content=\"article\" \/>\n<meta property=\"og:title\" content=\"Wecause Jubil\u00e4um - WECAUSE\" \/>\n<meta property=\"og:description\" content=\"Zwanzig Jahre sind vergangen, seit unser Gr\u00fcnder J\u00f6rn Zimmermann mit einer kleinen Idee und viel Mut den Grundstein f\u00fcr unsere gesamte Firmengeschichte gelegt hat.\" \/>\n<meta property=\"og:url\" content=\"https:\/\/www.wecause.de\/cases\/-\/wecause-jubilaeum\/\" \/>\n<meta property=\"og:site_name\" content=\"WECAUSE\" \/>\n<meta name=\"twitter:card\" content=\"summary_large_image\" \/>\n<script type=\"application\/ld+json\" class=\"yoast-schema-graph\">{\"@context\":\"https:\\\/\\\/schema.org\",\"@graph\":[{\"@type\":\"WebPage\",\"@id\":\"https:\\\/\\\/www.wecause.de\\\/cases\\\/-\\\/wecause-jubilaeum\\\/\",\"url\":\"https:\\\/\\\/www.wecause.de\\\/cases\\\/-\\\/wecause-jubilaeum\\\/\",\"name\":\"Wecause Jubil\u00e4um - WECAUSE\",\"isPartOf\":{\"@id\":\"https:\\\/\\\/www.wecause.de\\\/#website\"},\"datePublished\":\"2025-01-28T09:18:21+00:00\",\"description\":\"Zwanzig Jahre sind vergangen, seit unser Gr\u00fcnder J\u00f6rn Zimmermann mit einer kleinen Idee und viel Mut den Grundstein f\u00fcr unsere gesamte Firmengeschichte gelegt hat.\",\"breadcrumb\":{\"@id\":\"https:\\\/\\\/www.wecause.de\\\/cases\\\/-\\\/wecause-jubilaeum\\\/#breadcrumb\"},\"inLanguage\":\"en-US\",\"potentialAction\":[{\"@type\":\"ReadAction\",\"target\":[\"https:\\\/\\\/www.wecause.de\\\/cases\\\/-\\\/wecause-jubilaeum\\\/\"]}]},{\"@type\":\"BreadcrumbList\",\"@id\":\"https:\\\/\\\/www.wecause.de\\\/cases\\\/-\\\/wecause-jubilaeum\\\/#breadcrumb\",\"itemListElement\":[{\"@type\":\"ListItem\",\"position\":1,\"name\":\"Startseite\",\"item\":\"https:\\\/\\\/www.wecause.de\\\/en\\\/\"},{\"@type\":\"ListItem\",\"position\":2,\"name\":\"Wecause Jubil\u00e4um\"}]},{\"@type\":\"WebSite\",\"@id\":\"https:\\\/\\\/www.wecause.de\\\/#website\",\"url\":\"https:\\\/\\\/www.wecause.de\\\/\",\"name\":\"WECAUSE\",\"description\":\"Wir inszenieren Marken im Raum\",\"publisher\":{\"@id\":\"https:\\\/\\\/www.wecause.de\\\/#organization\"},\"potentialAction\":[{\"@type\":\"SearchAction\",\"target\":{\"@type\":\"EntryPoint\",\"urlTemplate\":\"https:\\\/\\\/www.wecause.de\\\/?s={search_term_string}\"},\"query-input\":{\"@type\":\"PropertyValueSpecification\",\"valueRequired\":true,\"valueName\":\"search_term_string\"}}],\"inLanguage\":\"en-US\"},{\"@type\":\"Organization\",\"@id\":\"https:\\\/\\\/www.wecause.de\\\/#organization\",\"name\":\"WECAUSE\",\"url\":\"https:\\\/\\\/www.wecause.de\\\/\",\"logo\":{\"@type\":\"ImageObject\",\"inLanguage\":\"en-US\",\"@id\":\"https:\\\/\\\/www.wecause.de\\\/#\\\/schema\\\/logo\\\/image\\\/\",\"url\":\"https:\\\/\\\/www.wecause.de\\\/wp-content\\\/uploads\\\/2018\\\/01\\\/wecause-vertical-black.svg\",\"contentUrl\":\"https:\\\/\\\/www.wecause.de\\\/wp-content\\\/uploads\\\/2018\\\/01\\\/wecause-vertical-black.svg\",\"caption\":\"WECAUSE\"},\"image\":{\"@id\":\"https:\\\/\\\/www.wecause.de\\\/#\\\/schema\\\/logo\\\/image\\\/\"}}]}<\/script>\n<!-- \/ Yoast SEO plugin. -->","yoast_head_json":{"title":"Wecause Jubil\u00e4um - WECAUSE","description":"Zwanzig Jahre sind vergangen, seit unser Gr\u00fcnder J\u00f6rn Zimmermann mit einer kleinen Idee und viel Mut den Grundstein f\u00fcr unsere gesamte Firmengeschichte gelegt hat.","robots":{"index":"index","follow":"follow","max-snippet":"max-snippet:-1","max-image-preview":"max-image-preview:large","max-video-preview":"max-video-preview:-1"},"canonical":"https:\/\/www.wecause.de\/cases\/-\/wecause-jubilaeum\/","og_locale":"en_US","og_type":"article","og_title":"Wecause Jubil\u00e4um - WECAUSE","og_description":"Zwanzig Jahre sind vergangen, seit unser Gr\u00fcnder J\u00f6rn Zimmermann mit einer kleinen Idee und viel Mut den Grundstein f\u00fcr unsere gesamte Firmengeschichte gelegt hat.","og_url":"https:\/\/www.wecause.de\/cases\/-\/wecause-jubilaeum\/","og_site_name":"WECAUSE","twitter_card":"summary_large_image","schema":{"@context":"https:\/\/schema.org","@graph":[{"@type":"WebPage","@id":"https:\/\/www.wecause.de\/cases\/-\/wecause-jubilaeum\/","url":"https:\/\/www.wecause.de\/cases\/-\/wecause-jubilaeum\/","name":"Wecause Jubil\u00e4um - WECAUSE","isPartOf":{"@id":"https:\/\/www.wecause.de\/#website"},"datePublished":"2025-01-28T09:18:21+00:00","description":"Zwanzig Jahre sind vergangen, seit unser Gr\u00fcnder J\u00f6rn Zimmermann mit einer kleinen Idee und viel Mut den Grundstein f\u00fcr unsere gesamte Firmengeschichte gelegt hat.","breadcrumb":{"@id":"https:\/\/www.wecause.de\/cases\/-\/wecause-jubilaeum\/#breadcrumb"},"inLanguage":"en-US","potentialAction":[{"@type":"ReadAction","target":["https:\/\/www.wecause.de\/cases\/-\/wecause-jubilaeum\/"]}]},{"@type":"BreadcrumbList","@id":"https:\/\/www.wecause.de\/cases\/-\/wecause-jubilaeum\/#breadcrumb","itemListElement":[{"@type":"ListItem","position":1,"name":"Startseite","item":"https:\/\/www.wecause.de\/en\/"},{"@type":"ListItem","position":2,"name":"Wecause Jubil\u00e4um"}]},{"@type":"WebSite","@id":"https:\/\/www.wecause.de\/#website","url":"https:\/\/www.wecause.de\/","name":"WECAUSE","description":"Wir inszenieren Marken im Raum","publisher":{"@id":"https:\/\/www.wecause.de\/#organization"},"potentialAction":[{"@type":"SearchAction","target":{"@type":"EntryPoint","urlTemplate":"https:\/\/www.wecause.de\/?s={search_term_string}"},"query-input":{"@type":"PropertyValueSpecification","valueRequired":true,"valueName":"search_term_string"}}],"inLanguage":"en-US"},{"@type":"Organization","@id":"https:\/\/www.wecause.de\/#organization","name":"WECAUSE","url":"https:\/\/www.wecause.de\/","logo":{"@type":"ImageObject","inLanguage":"en-US","@id":"https:\/\/www.wecause.de\/#\/schema\/logo\/image\/","url":"https:\/\/www.wecause.de\/wp-content\/uploads\/2018\/01\/wecause-vertical-black.svg","contentUrl":"https:\/\/www.wecause.de\/wp-content\/uploads\/2018\/01\/wecause-vertical-black.svg","caption":"WECAUSE"},"image":{"@id":"https:\/\/www.wecause.de\/#\/schema\/logo\/image\/"}}]}},"_links":{"self":[{"href":"https:\/\/www.wecause.de\/en\/wp-json\/wp\/v2\/case\/7738","targetHints":{"allow":["GET"]}}],"collection":[{"href":"https:\/\/www.wecause.de\/en\/wp-json\/wp\/v2\/case"}],"about":[{"href":"https:\/\/www.wecause.de\/en\/wp-json\/wp\/v2\/types\/case"}],"version-history":[{"count":20,"href":"https:\/\/www.wecause.de\/en\/wp-json\/wp\/v2\/case\/7738\/revisions"}],"predecessor-version":[{"id":7799,"href":"https:\/\/www.wecause.de\/en\/wp-json\/wp\/v2\/case\/7738\/revisions\/7799"}],"wp:attachment":[{"href":"https:\/\/www.wecause.de\/en\/wp-json\/wp\/v2\/media?parent=7738"}],"curies":[{"name":"wp","href":"https:\/\/api.w.org\/{rel}","templated":true}]}}

Wecause Jubiläum

<!-- This site is optimized with the Yoast SEO plugin v27.4 - https://yoast.com/product/yoast-seo-wordpress/ -->
<title>Wecause Jubiläum - WECAUSE</title>
<meta name="description" content="Zwanzig Jahre sind vergangen, seit unser Gründer Jörn Zimmermann mit einer kleinen Idee und viel Mut den Grundstein für unsere gesamte Firmengeschichte gelegt hat." />
<meta name="robots" content="index, follow, max-snippet:-1, max-image-preview:large, max-video-preview:-1" />
<link rel="canonical" href="https://www.wecause.de/cases/-/wecause-jubilaeum/" />
<meta property="og:locale" content="en_US" />
<meta property="og:type" content="article" />
<meta property="og:title" content="Wecause Jubiläum - WECAUSE" />
<meta property="og:description" content="Zwanzig Jahre sind vergangen, seit unser Gründer Jörn Zimmermann mit einer kleinen Idee und viel Mut den Grundstein für unsere gesamte Firmengeschichte gelegt hat." />
<meta property="og:url" content="https://www.wecause.de/cases/-/wecause-jubilaeum/" />
<meta property="og:site_name" content="WECAUSE" />
<meta name="twitter:card" content="summary_large_image" />
<script type="application/ld+json" class="yoast-schema-graph">{"@context":"https:\/\/schema.org","@graph":[{"@type":"WebPage","@id":"https:\/\/www.wecause.de\/cases\/-\/wecause-jubilaeum\/","url":"https:\/\/www.wecause.de\/cases\/-\/wecause-jubilaeum\/","name":"Wecause Jubiläum - WECAUSE","isPartOf":{"@id":"https:\/\/www.wecause.de\/#website"},"datePublished":"2025-01-28T09:18:21+00:00","description":"Zwanzig Jahre sind vergangen, seit unser Gründer Jörn Zimmermann mit einer kleinen Idee und viel Mut den Grundstein für unsere gesamte Firmengeschichte gelegt hat.","breadcrumb":{"@id":"https:\/\/www.wecause.de\/cases\/-\/wecause-jubilaeum\/#breadcrumb"},"inLanguage":"en-US","potentialAction":[{"@type":"ReadAction","target":["https:\/\/www.wecause.de\/cases\/-\/wecause-jubilaeum\/"]}]},{"@type":"BreadcrumbList","@id":"https:\/\/www.wecause.de\/cases\/-\/wecause-jubilaeum\/#breadcrumb","itemListElement":[{"@type":"ListItem","position":1,"name":"Startseite","item":"https:\/\/www.wecause.de\/en\/"},{"@type":"ListItem","position":2,"name":"Wecause Jubiläum"}]},{"@type":"WebSite","@id":"https:\/\/www.wecause.de\/#website","url":"https:\/\/www.wecause.de\/","name":"WECAUSE","description":"Wir inszenieren Marken im Raum","publisher":{"@id":"https:\/\/www.wecause.de\/#organization"},"potentialAction":[{"@type":"SearchAction","target":{"@type":"EntryPoint","urlTemplate":"https:\/\/www.wecause.de\/?s={search_term_string}"},"query-input":{"@type":"PropertyValueSpecification","valueRequired":true,"valueName":"search_term_string"}}],"inLanguage":"en-US"},{"@type":"Organization","@id":"https:\/\/www.wecause.de\/#organization","name":"WECAUSE","url":"https:\/\/www.wecause.de\/","logo":{"@type":"ImageObject","inLanguage":"en-US","@id":"https:\/\/www.wecause.de\/#\/schema\/logo\/image\/","url":"https:\/\/www.wecause.de\/wp-content\/uploads\/2018\/01\/wecause-vertical-black.svg","contentUrl":"https:\/\/www.wecause.de\/wp-content\/uploads\/2018\/01\/wecause-vertical-black.svg","caption":"WECAUSE"},"image":{"@id":"https:\/\/www.wecause.de\/#\/schema\/logo\/image\/"}}]}</script>
<!-- / Yoast SEO plugin. -->

Wecause Jubiläum - WECAUSE

Zwanzig Jahre sind vergangen, seit unser Gründer Jörn Zimmermann mit einer kleinen Idee und viel Mut den Grundstein für unsere gesamte Firmengeschichte gelegt hat.
